d 833.
833
What is the highest common divisor of 278894 and 112?
14
Calculate the greatest common factor of 81 and 11277.
9
What is the highest common divisor of 31 and 1937066?
31
What is the greatest common divisor of 1532 and 8809?
383
Calculate the greatest common divisor of 1356397 and 14.
7
What is the highest common factor of 33 and 16071?
33
What is the highest common factor of 272 and 211480?
136
What is the greatest common factor of 52 and 56862?
26
Calculate the greatest common divisor of 35 and 318983.
7
What is the highest common factor of 338580 and 160?
20
Calculate the greatest common divisor of 48802 and 78.
26
Calculate the greatest common factor of 3871 and 11858.
49
What is the highest common factor of 493 and 2647903?
493
Calculate the greatest common divisor of 117 and 1911.
39
Calculate the greatest common factor of 1000 and 152.
8
Calculate the greatest common divisor of 184664 and 656.
328
What is the greatest common divisor of 10030 and 103445?
85
What is the greatest common factor of 1292 and 52326?
646
Calculate the highest common factor of 8 and 16730.
2
Calculate the greatest common factor of 5061 and 19521.
723
What is the highest common divisor of 36 and 21105?
9
What is the greatest common factor of 72 and 3133248?
24
Calculate the greatest common divisor of 399 and 10857.
21
What is the greatest common factor of 1053 and 2916?
81
What is the highest common factor of 4784 and 345?
23
What is the highest common factor of 156 and 397436?
52
Calculate the greatest common factor of 60006 and 25482.
822
Calculate the highest common divisor of 586628 and 146.
146
Calculate the highest common divisor of 41906 and 115.
23
What is the greatest common divisor of 7169 and 268?
67
What is the highest common divisor of 21267 and 4031?
139
What is the greatest common divisor of 9675 and 6975?
225
What is the highest common factor of 59486 and 28?
14
Calculate the highest common divisor of 35394 and 153.
51
Calculate the highest common divisor of 9579 and 34689.
93
Calculate the greatest common divisor of 22 and 616946.
22
Calculate the greatest common factor of 1647 and 13932.
27
Calculate the highest common divisor of 21303 and 648.
81
Calculate the highest common factor of 72 and 80808.
24
What is the greatest common divisor of 66 and 184866?
66
Calculate the greatest common divisor of 39515 and 14.
7
What is the greatest common factor of 18 and 33849?
9
What is the highest common factor of 74 and 9227?
1
What is the highest common factor of 103194 and 25974?
702
What is the highest common divisor of 1033 and 558853?
1033
Calculate the greatest common factor of 8 and 8580792.
8
What is the greatest common divisor of 2 and 634?
2
Calculate the highest common factor of 10285 and 3071101.
2057
What is the highest common factor of 389564 and 308?
28
Calculate the highest common factor of 2123 and 461077.
193
Calculate the greatest common factor of 2508 and 90516.
228
Calculate the greatest common factor of 45 and 415335.
15
Calculate the greatest common factor of 1520 and 37924.
76
Calculate the greatest common factor of 18424 and 448.
56
What is the greatest common factor of 18 and 145899?
9
Calculate the greatest common factor of 390 and 47190.
390
What is the greatest common divisor of 3548 and 2816?
4
What is the highest common divisor of 65 and 185315?
65
Calculate the highest common factor of 34 and 86105.
17
Calculate the greatest common divisor of 1468 and 58353.
367
What is the greatest common factor of 151906 and 53821?
503
Calculate the greatest common factor of 3294 and 1662.
6
What is the highest common divisor of 9113 and 325?
13
What is the greatest common divisor of 108 and 5144?
4
What is the highest common factor of 1880 and 3200?
40
What is the highest common factor of 1936 and 7664?
16
What is the highest common divisor of 133787 and 353?
353
What is the highest common factor of 64 and 617152?
64
What is the greatest common factor of 10348 and 1404?
52
What is the greatest common divisor of 4655 and 4085?
95
What is the greatest common factor of 39 and 141479?
13
What is the greatest common factor of 908209 and 2859?
953
Calculate the greatest common divisor of 65453 and 74.
37
What is the highest common factor of 553 and 474?
79
Calculate the highest common factor of 5 and 2156810.
5
What is the highest common factor of 285 and 183255?
285
Calculate the highest common divisor of 130 and 803296.
26
Calculate the highest common factor of 44532 and 4500.
36
What is the greatest common factor of 12 and 2955312?
12
What is the highest common factor of 152 and 48583?
19
What is the greatest common factor of 195 and 12935?
65
Calculate the greatest common factor of 228789 and 198.
99
What is the greatest common factor of 501638 and 921?
307
Calculate the greatest common divisor of 820 and 6970.
410
Calculate the highest common divisor of 651 and 22351.
217
Calculate the highest common divisor of 38743 and 1419.
43
Calculate the greatest common factor of 2108 and 1564.
68
Calculate the greatest common divisor of 65339 and 586.
293
What is the greatest common divisor of 2768 and 6416?
16
What is the greatest common factor of 123430 and 80?
10
What is the greatest common factor of 209343 and 93?
93
Calculate the highest common factor of 24 and 83802.
6
Calculate the greatest common factor of 36018 and 20242.
58
Calculate the greatest common factor of 5328 and 19314.
666
What is the greatest common divisor of 210749 and 69?
23
What is the highest common factor of 21439 and 451?
11
Calculate the highest common factor of 6825 and 146640.
195
What is the greatest common divisor of 166114 and 39?
13
Calculate the highest common divisor of 5095236 and 276.
276
Calculate the greatest common factor of 16024 and 64.
8
What is the highest common divisor of 78 and 28902?
6
What is the greatest common divisor of 5494 and 46?
2
Calculate the highest common factor of 193807 and 145.
29
What is the greatest common factor of 915 and 13115?
305
Calculate the highest common divisor of 28794 and 36.
6
Calculate the highest common factor of 12685 and 1475.
295
Calculate the highest common factor of 136 and 27400.
8
What is the highest common divisor of 3935209 and 37?
37
Calculate the highest common factor of 45 and 66141.
9
What is the highest common divisor of 340 and 38250?
170
What is the highest common factor of 64743 and 3381?
21
Calculate the greatest common divisor of 10 and 44210.
10
What is the greatest common divisor of 637429 and 13?
13
What is the greatest common divisor of 684 and 148464?
36
Calculate the highest common divisor of 1636068 and 84.
84
What is the highest common factor of 19089 and 112644?
189
What is the highest common factor of 2651 and 451?
11
What is the greatest common divisor of 840255 and 26?
13
Calculate the greatest common divisor of 404 and 477023.
101
Calculate the greatest common factor of 225351 and 686.
343
Calculate the greatest common factor of 1899 and 7767.
9
Calculate the greatest common factor of 7105 and 56252.
49
What is the highest common factor of 500 and 1180?
20
Calculate the greatest common factor of 2468725 and 350.
175
Calculate the highest common factor of 203316 and 1404.
12
Calculate the highest common divisor of 1454306 and 28.
14
Calculate the greatest common factor of 1984 and 19220.
124
What is the greatest common factor of 18 and 6688?
2
What is the greatest common factor of 424 and 196100?
212
Calculate the greatest common divisor of 495 and 9394.
11
Calculate the greatest common factor of 207015 and 555.
555
Calculate the highest common factor of 2943 and 6976.
109
What is the greatest common factor of 18 and 10386?
18
What is the highest common factor of 1139 and 816?
17
Calculate the highest common divisor of 12 and 1185684.
12
Calculate the greatest common divisor of 273704 and 128.
8
Calculate the highest common factor of 51781 and 14257.
53
What is the greatest common factor of 170 and 170255?
85
Calculate the highest common divisor of 649 and 121.
11
What is the highest common factor of 24058 and 46?
46
Calculate the greatest common factor of 550 and 74910.
110
Calculate the greatest common factor of 152550 and 3950.
50
Calculate the greatest common factor of